61 = 7455*l. Let n = u + l. What is the greatest common divisor of n and 52?
26
Let o(s) = -43*s**3 + 2*s**2 - 2. Let a be o(-1). Let q = -38 + a. Suppose -q*t + 1 = -2*p + 4*p, p + t = 8. What is the highest common divisor of 52 and p?
13
Let v be (-18144)/(-702) - 4/(-26). Calculate the highest common factor of 80 and v.
2
Suppose 4*q + 4*s - 604 = 0, 124 = 2*q + 5*s - 169. Let t(j) = -j**3 - 5*j**2 + 37*j - 86. Let l be t(-10). Calculate the highest common factor of q and l.
22
Suppose 9*o + 5*q = 3*o + 9620, -3*o + 5*q = -4780. What is the greatest common divisor of o and 50?
50
Let y be -1*2 - (-364 - (-19)/(-1)). Calculate the highest common divisor of y and 6.
3
Suppose -31*c + 12*c = 87*c - 363686. Calculate the highest common factor of 73 and c.
73
Let t = 17 + 97. Let w = -16 + 42. Suppose 60 - 554 = -w*l. Calculate the greatest common divisor of l and t.
19
Let j(n) = -730*n + 16064. Let z be j(22). Suppose -2 = -0*v - 2*v. What is the highest common divisor of v and z?
1
Let m = 100 + -98. Suppose m*b - 1015 = 25. Calculate the highest common divisor of 40 and b.
40
Let x = -50 + 99. Let c = x - 33. Suppose c*k - 345 = 13*k. Calculate the greatest common factor of 23 and k.
23
Let y(l) = -l**2 + 13*l - 21. Suppose -103*g = -106*g + 18. Let c be y(g). Let t be -7*(2 - 54/c). Calculate the greatest common divisor of t and 44.
4
Let b = -4317 + 4935. Calculate the greatest common divisor of 12 and b.
6
Let q(k) = -4*k**2 - 5*k - 4. Let y be q(-2). Let d be (-323)/(0 - (-5)/y). Calculate the greatest common factor of 34 and d.
34
Let y(x) = 100*x**2 + 4*x + 4. Let a be y(-2). Let w = -2123 + 2159. Calculate the highest common divisor of a and w.
36
Let s(j) = j**3 - 3*j**2 + 4*j + 2. Let m(w) = -5*w - 38. Let u be m(-8). Let l be s(u). Suppose -l*a + 24 = -18. What is the greatest common factor of a and 1?
1
Suppose 3*h - 10945 = 4*f, -34*h + 30*h + 3*f + 14605 = 0. Calculate the highest common divisor of 129 and h.
43
Let t = 30 + -21. Let y = 131 + -127. Let o be (-476)/(-7) + 0 + y. What is the highest common factor of t and o?
9
Suppose -44*y + 37*y = -1533. Calculate the highest common factor of y and 5183.
73
Let w(i) = -i**3 + 20*i**2 - 75*i - 22. Let m be 22/5*15/6*1. Let q be w(m). Calculate the greatest common divisor of q and 11.
11
Let f be (-108)/15*945/(-84) + 3. Calculate the greatest common factor of f and 1617.
21
Let y be 183 + -3 - (111 + -100). What is the greatest common factor of 1105 and y?
13
Let i(o) = -2*o**3 + 50*o**2 - 25*o + 153. Let v be i(24). What is the greatest common divisor of v and 517?
47
Let b(x) = -3*x**2 + 2*x - 154. Let m(r) = -2*r**2 + r - 76. Let d(i) = 3*b(i) - 5*m(i). Let w be d(-12). What is the greatest common divisor of w and 375?
25
Suppose -4*z - 2*z + 654 = 0. Let b = 93 - z. Let h = b - -27. What is the highest common factor of 11 and h?
11
Let h be ((-104)/(-104))/(((-15)/(-1014))/5). Calculate the highest common factor of h and 1183.
169
Let y be ((-4)/(-3))/((28/1407)/2). Let v = 756 - 153. Calculate the greatest common factor of y and v.
67
Suppose 4*v = v + 54. Suppose t = 2*t - v. Let h = 133 + -61. What is the highest common divisor of h and t?
18
Let f = 1930 + -1702. Let b = -16 - -16. Suppose b = 3*z - 22 - 14. Calculate the greatest common divisor of f and z.
12
Suppose -2*u = -u - 32. Suppose 2*m - u = -10. Calculate the highest common factor of 11 and m.
11
Let l(b) = b**3 + 191*b**2 - 1385*b + 59. Let y be l(7). Let q = 59 - 19. Let r = q - 28. What is the highest common divisor of r and y?
6
Let c(a) = -4*a**3 - 7*a**2 + 4*a + 3. Let k(n) = n - 47. Let z be k(0). Let s = z + 42. Let v be c(s). What is the highest common divisor of 28 and v?
28
Suppose -565 = -2*x - 5*u, 10*x - 7*u - 2804 = -11*u. What is the greatest common divisor of 168 and x?
56
Let a(b) = 5*b**3 + 4*b**2 - 3*b. Let i be a(1). Let v be (480/(-256))/(2/(-16)). What is the highest common factor of v and i?
3
Let p = 1514 - 1456. Let h(v) = -684*v**3 - v**2 - 2*v - 1. Let r be h(-1). Suppose 5*z - 41 - r = 0. What is the greatest common divisor of p and z?
29
Let s(v) = -v**3 + v**2 + 2*v + 18. Let i be s(0). Let c = -429 - -441. Calculate the greatest common factor of c and i.
6
Let d(q) = 2*q**2 - 14. Let l be d(4). Let p be -46*(l/12 + 6/(-3)). Calculate the greatest common factor of p and 207.
23
Suppose 0 = 2*x - 5*x + 72. Suppose 13 = 2*d - c, 3*d + 3*c - x = -0*c. Let j be ((-1470)/60)/(3/(-6)). Calculate the highest common factor of j and d.
7
Suppose -82*o - 3265262 = -534*o - 185*o. Calculate the greatest common factor of o and 154.
22
Let o be -8 + (-280)/50*-25. What is the greatest common divisor of o and 308?
44
Let o(k) = 7*k**2 + 3 + 3*k**2 - 12. Let h = 537 + -540. Let s be o(h). Calculate the highest common divisor of 9 and s.
9
Suppose -5*s - 23877 = -3*l - 94671, s - 5*l = 14172. Calculate the greatest common factor of 78 and s.
39
Let v = 27 - -3. Suppose 15*f - 17*f = -468. Suppose 3 = w - 0, 3*w - f = -3*r. Calculate the highest common divisor of v and r.
15
Let y(m) = 2*m**3 + 6 - 4 - 2*m - 33*m**2 + 0 - 5*m**3. Let p be y(-11). Calculate the highest common divisor of p and 3.
3
Let d = 14181 - 14006. Calculate the greatest common divisor of d and 220.
5
Let b(p) = 11*p**2 + p - 3. Suppose -5*u = 87 - 77. Let l be b(u). What is the greatest common factor of 26 and l?
13
Suppose -4*q - q - 279 = 2*f, q + f = -54. Let p = q + 186. Calculate the highest common factor of p and 86.
43
Let l(v) = -v**3 + 7*v**2 + 2*v - 8. Let y = 4 + 2. Let t be l(y). Let q be (-5 - -30)/(7/8 + 12/(-32)). What is the greatest common factor of t and q?
10
Suppose w - 110 = -c, 9*w - 7*w = -6. Suppose -615 = -13*a + c. Calculate the highest common divisor of 208 and a.
8
Suppose 0 = 129*x - 158*x + 841. Calculate the greatest common divisor of 62147 and x.
29
Let q(a) = 15*a + 98. Let p be q(-6). Let z(v) = 2*v**3 - 4*v**2 - 52*v + 11. Let l be z(p). Calculate the greatest common factor of l and 33.
33
Let b be (-7 - -6) + (18 - -1). Suppose 0 = 3*n - 125 - 1225. What is the highest common factor of n and b?
18
Let u be (-34865)/367*(-1 - 2/(-5)). Calculate the highest common divisor of 66 and u.
3
Let v be (4/5)/((-6)/(-15)). Suppose v*y - 9 + 1 = 0. Let d be (-4)/(48/y)*-105. What is the greatest common divisor of 7 and d?
7
Let w(j) = j**3 - 76*j - 2*j**2 + 149*j - 76*j + 7. Let s be w(4). What is the highest common divisor of s and 297?
27
Let h = 3478 + -3450. Calculate the greatest common factor of h and 1946.
14
Suppose -5 = -4*s - 25. Let x be (47 + -44)*s/(-6)*2. Calculate the highest common factor of x and 25.
5
Suppose c - 1 = 0, -299*c + 304*c + 41320 = 5*u. What is the highest common divisor of u and 1995?
285
Suppose -2*b + 492 = g + 2*g, 2*g + 1268 = 5*b. Let y be (-98)/(-3)*((-1892)/(-43) - 38). What is the highest common factor of y and b?
28
Let f(c) = 156*c + 2252. Let t be f(-14). Calculate the greatest common factor of 1513 and t.
17
Let a(d) = -3*d + 2*d**2 + 5*d**2 - 4*d**2. Let t be a(6). Suppose 3*l + t = 6*l. What is the highest common factor of l and 6?
6
Let k(f) = -f**3 - 14*f**2 + 44*f + 38. Let w be k(-17). Suppose 5*u + 210 = 5*q, 5*u = 3*q + 31 - w. What is the highest common divisor of q and 378?
42
Let o(p) = -19*p + 701. Let m be o(36). What is the greatest common divisor of m and 2074?
17
Let f(p) = -p + 1. Let q be f(2). Let x be -1*(q + 2) - -37. Let c be ((-2 - -1)/(22/(-88)))/((-1)/(-12)). Calculate the greatest common factor of x and c.
12
Let f be (-4)/((-140)/(-15)) + (-7352)/28. Let k = 467 + f. Calculate the highest common divisor of 136 and k.
68
Let c be (2 + -5)*(-6)/9. Suppose 2*y + 14 - 6 = -4*o, 4*y = -o - c. Let r be -2 - 1*o*(6 - -25). What is the highest common factor of 12 and r?
12
Let z(l) = -2*l**2 - 11*l - 17. Let r be z(-3). Let t be r/11 - (3 + (-2877)/33). Calculate the highest common factor of 108 and t.
12
Let g(p) = p**2 - 12*p - 7. Let w = 7 - -1. Let t be g(w). Let i = 69 + t. Calculate the highest common factor of i and 150.
30
Let o(m) = 3 + 7*m**3 + 101*m - 112*m - 4*m**2 - 6*m**3. Let r be o(8). Calculate the highest common divisor of 114 and r.
57
Suppose -641*t - 8393 = -750*t. What is the greatest common factor of t and 913?